posite number?
False
Is 115 a prime number?
False
Is 44467 prime?
False
Is 23369 composite?
False
Is 305329 a composite number?
False
Is 177379 prime?
True
Is 31303 a composite number?
True
Is 142855 composite?
True
Is 206617 composite?
True
Is 681211 a composite number?
True
Is 310169 composite?
False
Is 29893 composite?
True
Is 31847 prime?
True
Is 159839 a prime number?
True
Is 133487 a composite number?
True
Is 1319 a prime number?
True
Is 1041551 a prime number?
False
Is 35897 prime?
True
Is 4271 a composite number?
False
Is 1829 a composite number?
True
Is 178 a composite number?
True
Is 287849 prime?
True
Is 15623 composite?
True
Is 5051 composite?
False
Is 108263 composite?
False
Is 5209 a prime number?
True
Is 1045157 prime?
True
Is 151106 a prime number?
False
Is 4109 prime?
False
Is 100689 a composite number?
True
Is 5091 a composite number?
True
Is 17657 composite?
False
Is 30949 a prime number?
True
Is 79539 a composite number?
True
Is 364817 prime?
False
Is 105919 prime?
False
Is 47761 composite?
True
Is 736373 a composite number?
True
Is 87359 prime?
True
Is 76579 a prime number?
True
Is 134049 prime?
False
Is 77633 a composite number?
True
Is 301171 composite?
True
Is 48595 prime?
False
Is 1289707 a composite number?
True
Is 15503 a composite number?
True
Is 219503 a prime number?
True
Is 410945 a prime number?
False
Is 1823 composite?
False
Is 38219 prime?
True
Is 13309 a prime number?
True
Is 2167 prime?
False
Is 256601 a prime number?
False
Is 5057 composite?
True
Is 103067 a composite number?
False
Is 86123 composite?
True
Is 512663 composite?
False
Is 5847 a prime number?
False
Is 74901 prime?
False
Is 206293 a composite number?
True
Is 1249 prime?
True
Is 32467 a composite number?
False
Is 6379 prime?
True
Is 1222471 a prime number?
True
Is 19907 a composite number?
True
Is 43661 a prime number?
True
Is 166207 a prime number?
True
Is 8929 composite?
False
Is 32735 prime?
False
Is 1127333 a composite number?
False
Is 12997 a prime number?
False
Is 14923 a prime number?
True
Is 5519 prime?
True
Is 15185 prime?
False
Is 43783 a prime number?
True
Is 3083 composite?
False
Is 5669 composite?
False
Is 17505133 a composite number?
False
Is 16669 composite?
True
Is 5091 a composite number?
True
Is 185338 prime?
False
Is 19165 a prime number?
False
Is 37243 a composite number?
False
Is 41159 a prime number?
False
Is 1721 prime?
True
Is 180911 a prime number?
False
Is 63637 a prime number?
False
Is 614 a prime number?
False
Is 109469 prime?
True
Is 233021 prime?
True
Is 362503 composite?
True
Is 91901 composite?
True
Is 23599 prime?
True
Is 17219 composite?
True
Is 1115 prime?
False
Is 9133 a composite number?
False
Is 5147 a prime number?
True
Is 7807 composite?
True
Is 6791 a prime number?
True
Is 509 a prime number?
True
Is 123971 a composite number?
True
Is 2827 composite?
True
Is 1585963 a composite number?
False
Is 64553 a composite number?
False
Is 206041 a composite number?
True
Is 210731 prime?
True
Is 4509797 composite?
True
Is 70331 a prime number?
False
Is 91919 a composite number?
True
Is 877 prime?
True
Is 114593 composite?
False
Is 170579 a prime number?
True
Is 10007 a prime number?
True
Is 139465 prime?
False
Is 8197 a composite number?
True
Is 59173 prime?
False
Is 13271 a composite number?
True
Is 118497 a composite number?
True
Is 203333 a prime number?
False
Is 59951 a composite number?
False
Is 655847 composite?
False
Is 2404121 composite?
True
Is 6127 a composite number?
True
Is 1277 prime?
True
Is 93683 prime?
True
Is 106853 composite?
False
Is 12839 prime?
False
Is 11483 a prime number?
True
Is 23099 prime?
True
Is 2374511 a prime number?
True
Is 4115 composite?
True
Is 265 a composite number?
True
Is 30133 a prime number?
True
Is 623 a composite number?
True
Is 14743 a composite number?
True
Is 4619 a prime number?
False
Is 4637 composite?
False
Is 28123 a prime number?
True
Is 157177 a prime number?
True
Is 333769 prime?
True
Is 653617 prime?
True
Is 46803 composite?
True
Is 458771 a composite number?
True
Is 4821281 a composite number?
False
Is 60751 a composite number?
True
Is 1397 prime?
False
Is 16301 prime?
True
Is 1637 composite?
False
Is 368857 a composite number?
False
Is 62845 prime?
False
Is 1754 composite?
True
Is 6521 prime?
True
Is 1754 composite?
True
Is 1800017 a prime number?
True
Is 404315 prime?
False
Is 46687 composite?
False
Is 59195 a prime number?
False
Is 4729 a composite number?
False
Is 26833 a composite number?
False
Is 849 prime?
False
Is 74623 a prime number?
True
Is 1009 a prime number?
True
Is 56697 a composite number?
True
Is 164881 composite?
False
Is 390581 prime?
True
Is 2289929 composite?
False
Is 12889 a composite number?
False
Is 3257734 prime?
False
Is 2309 a prime number?
True
Is 38351 a prime number?
True
Is 93446 composite?
True
Is 55871 a composite number?
False
Is 80843 composite?
True
Is 29701 a prime number?
False
Is 16151 a composite number?
True
Is 1035371 composite?
True
Is 18563 a composite number?
True
Is 3033451 composite?
True
Is 841 prime?
False
Is 1913 a composite number?
False
Is 353479 a composite number?
True
Is 19559 prime?
True
Is 94033 a prime number?
True
Is 3828701 a composite number?
False
Is 52527 a prime number?
False
Is 1175003 prime?
True
Is 285213 a prime number?
False
Is 7069 composite?
False
Is 23143 a composite number?
False
Is 37451 composite?
True
Is 1885819 prime?
False
Is 116407 prime?
False
Is 299759 prime?
False
Is 50683 prime?
True
Is 60317 composite?
False
Is 276901 a composite number?
False
Is 618779 composite?
True
Is 466121 composite?
False
Is 78998 a composite number?
True
Is 10055 prime?
False
Is 3422383 a prime number?
True
Is 2597191 a composite number?
False
Is 10981 a composite number?
True
Is 78211 a prime number?
False
Is 2219077 a prime number?
False
Is 22343 a composite number?
False
Is 185401 a prime number?
True
Is 10639 a composite number?
False
Is 1801 a composite number?
False
Is 49583 a prime number?
False
Is 210355 a prime number?
False
Is 1340849 a prime number?
False
Is 35569 prime?
True
Is 52447 composite?
True
Is 10817 a prime number?
False
Is 180577 a composite number?
True
Is 3953 a prime number?
False
Is 9558017 prime?
False
Is 131009 composite?
False
Is 368071 composite?
True
Is 429547 a composite number?
False
Is 4897 a prime number?
False
Is 8935 prime?
False
Is 5669 prime?
True
Is 7639 a composite number?
False
Is 64267 a prime number?
False
Is 4691129 a composite number?
True
Is 395059 a prime number?
False
Is 5219 a prime number?
False
Is 893 prime?
False
Is 27271 a composite number?
False
Is 1577449 a prime number?
True
Is 9599 a prime number?
False
Is 26903 a prime number?
True
Is 97415 composite?
True
Is 19001 a composite number?
False
Is 1009189 prime?
True
Is 72859 composite?
False
Is 10713 a composite number?
True
Is 15297 a composite number?
True
Is 518822 prime?
False
Is 25111 composite?
False
Is 10847 prime?
True
Is 59897 a prime number?
False
Is 50361 prime?
False
Is 1861 prime?
True
Is 27139 a composite number?
True
Is 695659 prime?
True
Is 448853 prime?
True
Is 115931 a prime number?
True
Is 339 a composite number?
True
Is 44789 prime?
True
Is 1852763 prime?
False
Is 20287 a composite number?
False
Is 19246 prime?
False
Is 7211 composite?
False
Is 1176277 a prime number?
True
Is 2417 composite?
False
Is 221999 composite?
False
Is 5459 prime?
False
Is 7523 a composite number?
False
Is 9413 prime?
True
Is 322319 composite?
False
Is 117161 prime?
False
Is 480613 composite?
True
Is 42101 a prime number?
True
Is 9923 a composite number?
False
Is 13897 composite?
True
Is 4143613 a composite number?
False
Is 54683 prime?
False
Is 135357 composite?
True
Is 24253 prime?
False
Is 2547431 prime?
True
Is 514 a prime number?
False
Is 318103 composite?
False
Is 253037 a prime number?
False
Is 13397 a composite number?
False
Is 226451 prime?
True
Is 24051 a composite number?
True
Is 36111 a composite number?
True
Is 6449 a prime number?
True
Is 95963 prime?
False
Is 619289 prime?
False
Is 37331 a composite number?
True
Is 4253 composite?
False
Is 4861 a prime number?
True
Is 341123 prime?
True
Is 53807 a prime number?
False
Is 123341 prime?
True
Is 157709 a composite number?
True
Is 185789 com